
57
Calculate the greatest common divisor of 17948 and 63.
7
What is the highest common factor of 210 and 406434?
42
Calculate the greatest common factor of 48513 and 1099.
157
What is the highest common divisor of 642 and 1712428?
214
What is the greatest common divisor of 4 and 981?
1
What is the greatest common divisor of 28 and 2933?
7
What is the highest common divisor of 198 and 199089?
99
What is the greatest common divisor of 6516 and 9252?
36
What is the greatest common divisor of 802723 and 1173?
391
Calculate the greatest common factor of 3269601 and 18.
9
What is the highest common factor of 45761 and 201?
67
What is the greatest common divisor of 1939 and 14?
7
What is the highest common divisor of 59375 and 250?
125
What is the highest common factor of 16939 and 26?
13
What is the highest common divisor of 1557 and 9169?
173
Calculate the highest common divisor of 147 and 1422687.
21
Calculate the highest common divisor of 79134 and 66.
66
What is the greatest common factor of 6692290 and 165?
55
Calculate the highest common divisor of 344 and 30.
2
Calculate the highest common factor of 528 and 607024.
176
What is the highest common divisor of 32 and 217552?
16
What is the greatest common divisor of 352 and 4796?
44
What is the highest common factor of 148070 and 170?
170
Calculate the highest common factor of 5834634 and 2356.
1178
Calculate the highest common factor of 32 and 428144.
16
What is the highest common divisor of 1089 and 924?
33
What is the greatest common factor of 7146 and 108?
18
Calculate the highest common factor of 357961 and 8057.
1151
Calculate the greatest common divisor of 122 and 254.
2
What is the greatest common divisor of 300 and 134940?
60
What is the greatest common divisor of 1793 and 11573?
163
What is the highest common factor of 16074 and 27?
9
What is the greatest common divisor of 1394 and 27506?
34
Calculate the greatest common factor of 80676 and 72.
36
Calculate the greatest common divisor of 105 and 103068.
21
Calculate the highest common factor of 42 and 1203.
3
Calculate the greatest common divisor of 166 and 297555.
83
Calculate the greatest common divisor of 15674 and 1224.
34
Calculate the greatest common divisor of 331 and 101617.
331
What is the greatest common divisor of 96 and 62224?
16
What is the highest common divisor of 233 and 1093702?
233
Calculate the greatest common factor of 187044 and 218.
218
What is the greatest common factor of 50 and 28170?
10
Calculate the highest common factor of 1167200 and 32.
32
Calculate the greatest common factor of 580 and 13079.
29
Calculate the highest common divisor of 13056 and 6936.
408
Calculate the highest common divisor of 399904 and 80.
16
Calculate the greatest common factor of 37762 and 158.
158
What is the highest common factor of 107008 and 11?
11
Calculate the greatest common factor of 6281896 and 904.
904
Calculate the highest common factor of 20679750 and 21.
21
Calculate the highest common divisor of 156 and 137631.
39
Calculate the greatest common factor of 166781 and 1.
1
Calculate the greatest common divisor of 200 and 662500.
100
Calculate the greatest common factor of 1255 and 386289.
251
What is the highest common divisor of 4606 and 26558?
98
Calculate the highest common factor of 2657980 and 26.
26
Calculate the highest common divisor of 693 and 4599.
63
Calculate the highest common factor of 1819 and 1284.
107
Calculate the greatest common factor of 344 and 4276952.
344
Calculate the highest common factor of 29719 and 339.
113
What is the greatest common factor of 536 and 232?
8
Calculate the greatest common divisor of 338 and 16952.
26
What is the highest common divisor of 73163 and 23?
23
Calculate the highest common divisor of 1353 and 2471029.
451
What is the highest common factor of 3160 and 2?
2
Calculate the highest common divisor of 19240 and 3293.
37
Calculate the greatest common factor of 3 and 231207.
3
What is the highest common divisor of 1185990 and 130?
130
Calculate the highest common divisor of 3582 and 186662.
398
Calculate the greatest common factor of 46 and 37628.
46
Calculate the greatest common factor of 19674 and 18.
18
Calculate the highest common divisor of 22024 and 1000.
8
What is the highest common divisor of 1770730 and 26?
26
What is the greatest common divisor of 666 and 1602?
18
Calculate the highest common factor of 766 and 35134888.
766
Calculate the greatest common factor of 545 and 4301140.
545
Calculate the highest common factor of 196038 and 72.
18
What is the highest common factor of 7957 and 64637?
109
Calculate the greatest common factor of 19 and 126.
1
Calculate the highest common factor of 287 and 14.
7
Calculate the greatest common factor of 107586 and 3612.
258
What is the greatest common factor of 236474 and 12103?
931
Calculate the highest common divisor of 1015 and 5250.
35
Calculate the greatest common factor of 17412 and 2928.
12
Calculate the highest common factor of 1098 and 72.
18
What is the greatest common factor of 4300 and 14?
2
What is the highest common factor of 8469 and 99?
9
Calculate the greatest common factor of 144 and 52160.
16
Calculate the highest common factor of 3172862 and 847.
847
Calculate the highest common divisor of 5278 and 59276.
406
What is the highest common factor of 97791 and 481?
37
Calculate the highest common factor of 7614 and 594.
54
Calculate the highest common divisor of 356 and 890.
178
What is the greatest common divisor of 7641 and 276491?
283
Calculate the greatest common factor of 380781 and 9.
9
What is the highest common factor of 1916575 and 93?
31
Calculate the highest common divisor of 104 and 4893876.
52
What is the greatest common factor of 35 and 3528?
7
What is the greatest common factor of 14097 and 25863?
111
What is the greatest common factor of 12 and 75476?
4
What is the highest common divisor of 53470 and 40?
10
What is the highest common divisor of 150 and 52980?
30
What is the greatest common divisor of 240852 and 36?
12
What is the greatest common factor of 17640 and 3297?
21
What is the greatest common divisor of 15525 and 36915?
345
What is the highest common factor of 300054 and 301?
43
What is the greatest common factor of 1903 and 6039?
11
What is the greatest common factor of 56 and 350072?
8
What is the highest common factor of 168 and 15?
3
What is the highest common divisor of 384 and 2400064?
64
What is the greatest common factor of 3583 and 38?
1
Calculate the greatest common factor of 525 and 46475.
25
Calculate the highest common factor of 77 and 72.
1
Calculate the highest common divisor of 2223 and 14391.
117
What is the highest common divisor of 18 and 134595?
9
What is the greatest common factor of 169 and 53833?
13
Calculate the highest common divisor of 9729 and 54.
9
Calculate the greatest common factor of 192 and 114144.
96
What is the greatest common divisor of 80427 and 4199?
323
What is the greatest common factor of 600 and 504600?
600
What is the highest common factor of 51559 and 9259?
47
What is the highest common factor of 594 and 3696?
66
Calculate the highest common divisor of 90 and 691020.
90
What is the highest common divisor of 1700 and 533035?
85
Calculate the highest common factor of 429620 and 60.
20
Calculate the highest common divisor of 468 and 2076.
12
Calculate the greatest common factor of 65625 and 210.
105
Calculate the greatest common divisor of 7395 and 125280.
435
Calculate the highest common factor of 5481 and 5887.
203
Calculate the highest common divisor of 5608302 and 268.
134
What is the greatest common factor of 170 and 82760?
10
What is the highest common factor of 457830 and 90?
90
What is the greatest common divisor of 165 and 555?
15
Calculate the greatest common factor of 256 and 176768.
128
What is the highest common factor of 17997 and 105?
21
What is the greatest common divisor of 19810 and 1750?
70
Calculate the highest common factor of 52107 and 99.
33
Calculate the highest common divisor of 4360043 and 74.
37
Calculate the greatest common divisor of 39959 and 55427.
1289
What is the highest common divisor of 329434 and 28?
14
Calculate the highest common divisor of 4843 and 26386.
167
What is the highest common factor of 9618 and 12?
6
